(base 12) to base 4.
230220
Convert 386 (base 16) to base 5.
12102
23343 (base 5) to base 4
122323
What is 3951 (base 11) in base 12?
2b82
Convert -10331 (base 10) to base 5.
-312311
Convert -779 (base 13) to base 7.
-3512
Convert -16266 (base 8) to base 10.
-7350
What is 14442 (base 5) in base 14?
651
841 (base 13) to base 6
10301
Convert 2444 (base 7) to base 6.
4122
What is -1537 (base 9) in base 7?
-3256
Convert 64137 (base 8) to base 9.
40577
-11033 (base 4) to base 11
-285
What is -7c (base 14) in base 10?
-110
-423 (base 9) to base 5
-2340
-1110200 (base 3) to base 14
-567
Convert -411355 (base 6) to base 7.
-164336
4530 (base 7) to base 8
3146
101110000 (base 2) to base 13
224
-126 (base 12) to base 15
-b9
267 (base 14) to base 2
111100011
What is -1c233 (base 14) in base 4?
-101201211
What is 253a (base 15) in base 7?
32056
What is 137 (base 8) in base 15?
65
-c781 (base 13) to base 4
-12300010
-3775 (base 8) to base 5
-31140
Convert 5411 (base 15) to base 8.
42577
Convert 682 (base 11) to base 5.
11231
Convert b3 (base 14) to base 11.
133
Convert 329 (base 15) to base 6.
3150
Convert -110101200 (base 3) to base 4.
-2031030
What is -83642 (base 9) in base 6?
-1103315
-711 (base 16) to base 13
-a92
Convert -206 (base 14) to base 3.
-112202
-1005 (base 9) to base 7
-2066
What is 1343 (base 11) in base 13?
a3c
Convert -3332120 (base 4) to base 15.
-4c55
What is 8 (base 10) in base 8?
10
What is 1a80 (base 12) in base 6?
23040
-11220010 (base 3) to base 2
-110111101111
Convert -6401 (base 7) to base 16.
-8cf
21120211 (base 3) to base 16
159a
b99 (base 12) to base 2
11010100101
Convert -1b08 (base 15) to base 9.
-8028
1001212012 (base 3) to base 2
101001000101110
What is 1480a (base 13) in base 11?
270a2
Convert 1143 (base 8) to base 14.
319
3203120 (base 4) to base 12
8508
-1431 (base 5) to base 13
-157
What is 339 (base 14) in base 11?
531
-2206 (base 8) to base 2
-10010000110
Convert -11001001101 (base 2) to base 7.
-4463
Convert 331500 (base 6) to base 15.
82ac
1a3ca (base 13) to base 2
1100100000000100
What is -2022200 (base 3) in base 13?
-a02
1757 (base 16) to base 8
13527
Convert 62b (base 14) to base 15.
560
-3011 (base 4) to base 2
-11000101
13333 (base 6) to base 3
2211210
-24401 (base 6) to base 7
-13333
What is 466 (base 10) in base 11?
394
-391 (base 10) to base 2
-110000111
Convert 13503 (base 10) to base 15.
4003
What is -1010000111111 (base 2) in base 5?
-131213
What is 5770 (base 9) in base 4?
1002303
-18b (base 16) to base 10
-395
What is -1012201012 (base 3) in base 12?
-11972
30222 (base 5) to base 15
892
-1513 (base 8) to base 10
-843
What is -21434 (base 6) in base 4?
-232132
759 (base 11) to base 4
32033
Convert -200302 (base 5) to base 12.
-37b3
-427 (base 9) to base 16
-15d
What is 361 (base 13) in base 16?
24a
Convert -17613 (base 11) to base 8.
-60172
What is 26367 (base 8) in base 10?
11511
What is -245 (base 7) in base 4?
-2003
What is -10224 (base 7) in base 10?
-2517
What is -311355 (base 6) in base 8?
-60627
Convert 107 (base 15) to base 3.
22121
95 (base 16) to base 6
405
What is 7435 (base 14) in base 13?
9176
Convert -203102 (base 4) to base 15.
-a08
What is -116147 (base 8) in base 3?
-2000220221
Convert -1882 (base 15) to base 4.
-1102301
What is -2ed (base 16) in base 12?
-525
-c76c (base 15) to base 10
-42177
-25146 (base 10) to base 12
-12676
5830 (base 15) to base 2
100100100100000
13623 (base 8) to base 4
1132103
What is 2236 (base 7) in base 11?
678
What is -44203 (base 7) in base 3?
-120012021
-5426 (base 16) to base 8
-52046
150 (base 9) to base 16
7e
Convert 2424 (base 5) to base 6.
1404
What is 5011 (base 7) in base 10?
1723
-4619 (base 13) to base 5
-303244
What is 121001 (base 3) in base 6?
2001
-238d (base 15) to base 9
-11327
What is 223321 (base 5) in base 8?
17431
What is -436 (base 15) in base 4?
-32313
-302 (base 14) to base 11
-497
Convert -9d87 (base 16) to base 8.
-116607
Convert -5232 (base 7) to base 9.
-2460
What is 710 (base 10) in base 7?
2033
Convert -12a1 (base 12) to base 3.
-2221011
What is -5720 (base 8) in base 16?
-bd0
-2156 (base 9) to base 11
-1216
30b5 (base 15) to base 6
115355
What is -2269 (base 10) in base 11?
-1783
Convert 9a24 (base 11) to base 16.
339f
What is 9e7 (base 15) in base 14?
b62
-1101011111 (base 2) to base 15
-3c8
-e4 (base 15) to base 10
-214
What is 46025 (base 9) in base 14?
b249
46 (base 15) to base 6
150
132300 (base 5) to base 2
1010011001101
Convert 1367 (base 8) to base 14.
3c3
212001 (base 3) to base 9
761
What is -cd1 (base 16) in base 14?
-12a5
Convert -158 (base 13) to base 14.
-134
Convert 300542 (base 6) to base 16.
5bee
What is -222342 (base 5) in base 6?
-100155
Convert 3122 (base 7) to base 11.
905
What is 4f76 (base 16) in base 15?
6062
-1002121112 (base 3) to base 5
-1142322
What is -755 (base 13) in base 6?
-5445
Convert -201121 (base 3) to base 5.
-4104
Convert -7dc (base 16) to base 9.
-2675
What is 7672 (base 11) in base 7?
41340
Convert 6862 (base 9) to base 5.
130303
What is -10024 (base 5) in base 16?
-27f
3220112 (base 4) to base 12
8732
What is -2 (base 14) in base 13?
-2
-8769 (base 10) to base 14
-32a5
1319 (base 15) to base 16
fea
1192 (base 13) to base 4
212311
Convert 1299d (base 14) to base 11.
31463
Convert -200 (base 8) to base 16.
-80
What is 3441 (base 5) in base 10?
496
-2113302 (base 4) to base 8
-22762
Convert 11000110100 (base 2) to base 15.
70d
-1100111111110 (base 2) to base 13
-304b
What is 204 (base 7) in base 3?
10210
-1001000001010111 (base 2) to base 9
-55616
-23321302 (base 4) to base 10
-48754
-2497 (base 11) to base 10
-3252
What is -29252 (base 10) in base 15?
-8a02
What is 96a7 (base 12) in base 3?
211200201
What is 14116 (base 7) in base 3?
12021001
What is -10021121 (base 3) in base 4?
-211120
Convert -102352 (base 6) to base 7.
-33224
What is -10131301 (base 4) in base 3?
-221002101
What is -26d (base 15) in base 13?
-337
3886 (base 11) to base 4
1032333
What is -140 (base 14) in base 15?
-11c
Convert -2220 (base 5) to base 2.
-100110110
-10752 (base 9) to base 2
-1110000000111
Convert -1001010 (base 3) to base 2.
-1011110111
What is -19393 (base 11) in base 15?
-805a
Convert -20 (base 16) to base 4.
-200
47858 (base 10) to base 3
2102122112
Convert 2396 (base 11) to base 15.
dda
Convert -24f (base 16) to base 9.
-726
Convert 22201210 (base 3) to base 8.
14336
Convert -2523 (base 6) to base 15.
-2bc
Convert 23112 (base 4) to base 7.
2055
What is 3b406 (base 12) in base 2?
10011111110000110
What is -1104 (base 6) in base 15?
-121
-100100101100 (base 2) to base 15
-a68
Convert -2012 (base 10) to base 9.
-2675
-3236 (base 7) to base 14
-5c6
3184 (base 16) to base 8
30604
What is -a91 (base 13) in base 11?
-13a4
Convert -1100033 (base 4) to base 7.
-20654
-653 (base 11) to base 9
-1061
-854 (base 16) to base 15
-972
1110340 (base 5) to base 2
100110000001110
-114516 (base 7) to base 3
-1001120210
Convert 11034 (base 6) to base 3.
2002211
What is 642a (base 16) in base 2?
110010000101010
7260 (base 15) to base 14
8b41
-191 (base 11) to base 8
-335
Convert -34c (base 13) to base 2.
-1000111011
-438 (base 14) to base 12
-596
Convert -832 (base 13) to base 6.
-10241
What is -666 (base 9) in base 4?
-20202
-165 (base 14) to base 9
-346
Convert -129 (base 13) to base 4.
-3030
Convert 7567 (base 9) to base 7.
22144
Convert -1218 (base 9) to base 16.
-38c
Convert -2656 (base 9) to base 12.
-11a3
-9673 (base 10) to base 11
-72a4
Convert -11055 (base 10) to base 5.
-323210
Convert 2adc (base 16) to base 8.
25334
Convert -20255 (base 7) to base 16.
-134c
What is -11222 (base 5) in base 14?
-420
13102 (base 7) to base 3
11202221
1132323 (base 4) to base 13
29c4
What is -1444 (base 8) in base 7?
-2226
What is 35531 (base 7) in base 14?
34c1
-111 (base 8) to base 11
-67
74e8 (base 15) to base 4
12002213
3210 (base 9) to base 11
1854
What is 23b3 (base 12) in base 10?
4023
What is -23dc (base 16) in base 9?
-13530
-291 (base 10) to base 5
-2131
-8556 (base 12) to base 6
-151350
Convert 120010 (base 3) to base 15.
1c3
What is 2701 (base 16) in base 14?
38d3
-67246 (base 8) to base 4
-12322212
-1201 (base 9) to base 6
-4044
Convert -21222200 (base 3) to base 11.
-4414
Convert 4be (base 16) to base 5.
14324
-